5?
3
What is the ten thousands digit of 355420?
5
What is the hundreds digit of 173170?
1
What is the hundreds digit of 2115595?
5
What is the thousands digit of 118975?
8
What is the units digit of 149107?
7
What is the ten thousands digit of 323657?
2
What is the ten thousands digit of 1123139?
2
What is the thousands digit of 288725?
8
What is the hundreds digit of 181033?
0
What is the thousands digit of 264749?
4
What is the millions digit of 1416171?
1
What is the thousands digit of 138995?
8
What is the hundred thousands digit of 102586?
1
What is the ten thousands digit of 2689592?
8
What is the ten thousands digit of 4063222?
6
What is the ten thousands digit of 5228917?
2
What is the hundreds digit of 152917?
9
What is the thousands digit of 806141?
6
What is the units digit of 342745?
5
What is the thousands digit of 92832?
2
What is the ten thousands digit of 17405586?
0
What is the hundreds digit of 27534539?
5
What is the ten thousands digit of 27751730?
5
What is the hundred thousands digit of 1248779?
2
What is the ten thousands digit of 11465586?
6
What is the tens digit of 1859941?
4
What is the ten thousands digit of 7732941?
3
What is the tens digit of 4046?
4
What is the millions digit of 4037311?
4
What is the units digit of 521148?
8
What is the thousands digit of 755328?
5
What is the ten thousands digit of 2243392?
4
What is the millions digit of 5043986?
5
What is the units digit of 1549362?
2
What is the millions digit of 5893236?
5
What is the tens digit of 2633248?
4
What is the units digit of 237064?
4
What is the tens digit of 1241246?
4
What is the tens digit of 176470?
7
What is the thousands digit of 1751317?
1
What is the hundred thousands digit of 28766867?
7
What is the tens digit of 39846436?
3
What is the hundred thousands digit of 24679771?
6
What is the thousands digit of 41816290?
6
What is the units digit of 710075?
5
What is the hundred thousands digit of 668748?
6
What is the units digit of 940033?
3
What is the ten thousands digit of 17403466?
0
What is the tens digit of 678846?
4
What is the hundreds digit of 6654385?
3
What is the tens digit of 644009?
0
What is the thousands digit of 76994?
6
What is the ten thousands digit of 549691?
4
What is the millions digit of 1045859?
1
What is the hundred thousands digit of 15332820?
3
What is the tens digit of 27672458?
5
What is the hundred thousands digit of 2435167?
4
What is the hundred thousands digit of 324665?
3
What is the hundred thousands digit of 2502418?
5
What is the hundreds digit of 22636?
6
What is the tens digit of 4204762?
6
What is the hundreds digit of 231091?
0
What is the hundred thousands digit of 593939?
5
What is the ten thousands digit of 4789133?
8
What is the hundred thousands digit of 254867?
2
What is the tens digit of 150751?
5
What is the ten thousands digit of 2599084?
9
What is the hundreds digit of 120799?
7
What is the tens digit of 4678683?
8
What is the hundreds digit of 91704?
7
What is the hundreds digit of 21368?
3
What is the millions digit of 12468594?
2
What is the millions digit of 4949736?
4
What is the tens digit of 1008378?
7
What is the millions digit of 22854963?
2
What is the thousands digit of 153588?
3
What is the thousands digit of 1737832?
7
What is the millions digit of 8446310?
8
What is the tens digit of 802964?
6
What is the millions digit of 1131147?
1
What is the hundred thousands digit of 4659321?
6
What is the ten thousands digit of 259134?
5
What is the millions digit of 1044891?
1
What is the hundreds digit of 699677?
6
What is the thousands digit of 1404626?
4
What is the units digit of 7918585?
5
What is the tens digit of 24831?
3
What is the tens digit of 24614879?
7
What is the tens digit of 30155455?
5
What is the hundred thousands digit of 8245228?
2
What is the units digit of 21013902?
2
What is the ten thousands digit of 12103961?
0
What is the millions digit of 11754717?
1
What is the units digit of 371036?
6
What is the millions digit of 9929440?
9
What is the hundred thousands digit of 558595?
5
What is the ten thousands digit of 273316?
7
What is the units digit of 304402?
2
What is the hundred thousands digit of 33580104?
5
What is the tens digit of 316752?
5
What is the tens digit of 483433?
3
What is the units digit of 17473834?
4
What is the tens digit of 44771?
7
What is the hundred thousands digit of 1388766?
3
What is the millions digit of 1641481?
1
What is the ten thousands digit of 2648478?
4
What is the tens digit of 2675270?
7
What is the millions digit of 2300733?
2
What is the thousands digit of 1973675?
3
What is the tens digit of 6586899?
9
What is the ten thousands digit of 294115?
9
What is the thousands digit of 1421742?
1
What is the hundreds digit of 8802455?
4
What is the thousands digit of 2326943?
6
What is the tens digit of 5638855?
5
What is the tens digit of 272334?
3
What is the millions digit of 2772778?
2
What is the hundred thousands digit of 14098778?
0
What is the hundreds digit of 305157?
1
What is the hundred thousands digit of 11636497?
6
What is the units digit of 307409?
9
What is the hundreds digit of 5534557?
5
What is the hundreds digit of 1380213?
2
What is the units digit of 758225?
5
What is the ten thousands digit of 1233909?
3
What is the ten thousands digit of 76786?
7
What is the units digit of 5196457?
7
What is the tens digit of 1802066?
6
What is the tens digit of 45562?
6
What is the tens digit of 2413766?
6
What is the ten thousands digit of 215397?
1
What is the hundred thousands digit of 19073610?
0
What is the thousands digit of 856190?
6
What is the hundreds digit of 246976?
9
What is the hundred thousands digit of 559104?
5
What is the units digit of 1117202?
2
What is the thousands digit of 251508?
1
What is the units digit of 531861?
1
What is the units digit of 78844?
4
What is the hundreds digit of 84630?
6
What is the units digit of 215112?
2
What is the units digit of 22185591?
1
What is the units digit of 1346576?
6
What is the hundred thousands digit of 103893?
1
What is the thousands digit of 184599?
4
What is the tens digit of 1363831?
3
What is the hundred thousands digit of 589112?
5
What is the hundreds digit of 18178779?
7
What is the thousands digit of 215264?
5
What is the units digit of 16605754?
4
What is the ten thousands digit of 40975?
4
What is the thousands digit of 451186?
1
What is the tens digit of 22814576?
7
What is the hundreds digit of 2188361?
3
What is the millions digit of 20567857?
0
What is the tens digit of 432088?
8
What is the thousands digit of 3672869?
2
What is the tens digit of 11310828?
2
What is the hundred thousands digit of 13447277?
4
What is the hundreds digit of 4405380?
3
What is the hundreds digit of 423951?
9
What is the hundreds digit of 623199?
1
What is the ten thousands digit of 4889992?
8
What is the ten thousands digit of 12653224?
5
What is the hundreds digit of 11837968?
9
What is the thousands digit of 674723?
4
What is the thousands digit of 239643?
9
What is the hundreds digit of 365749?
7
What is the hundreds digit of 5912623?
6
What is the hundred thousands digit of 957674?
9
What is the hundreds digit of 355112?
1
What is the tens digit of 68731?
3
What is the hundred thousands digit of 124607?
1
What is the ten thousands digit of 18602639?
0
What is the tens digit of 4903604?
0
What is the tens digit of 2810434?
3
What is the hundred thousands digit of 207777?
2
What is the ten thousands digit of 59014?
5
What is the tens digit of 178024?
2
What is the tens digit of 7937476?
7
What is the hundred thousands digit of 3501083?
5
What is the millions digit of 3030841?
3
What is the hundreds digit of 955867?
8
What is the hundred thousands digit of 554658?
5
What is the hundred thousands digit of 4467599?
4
What is the thousands digit of 391913?
1
What is the ten thousands digit of 190149?
9
What is the ten thousands digit of 627243?
2
What is the tens digit of 2339?
3
What is the thousands digit of 2435842?
5
What is the units digit of 3645987?
7
What is the hundreds digit of 20351126?
1
What is the hundreds digit of 79916?
9
What is the hundreds digit of 256389?
3
What is the hundred thousands digit of 174100?
1
What is the ten thousands digit of 640419